 the remainder when 14861 is divided by 430?
241
Calculate the remainder when 72861 is divided by 32.
29
Calculate the remainder when 5290 is divided by 532.
502
Calculate the remainder when 19324 is divided by 3726.
694
Calculate the remainder when 18221 is divided by 2601.
14
Calculate the remainder when 40046 is divided by 40024.
22
Calculate the remainder when 37687 is divided by 27.
22
Calculate the remainder when 1176636 is divided by 61928.
4
What is the remainder when 191072 is divided by 6?
2
What is the remainder when 197381 is divided by 134?
133
Calculate the remainder when 19633 is divided by 55.
53
Calculate the remainder when 272331 is divided by 48.
27
Calculate the remainder when 7524 is divided by 198.
0
What is the remainder when 2020 is divided by 11?
7
What is the remainder when 25263 is divided by 8365?
168
What is the remainder when 6211 is divided by 984?
307
What is the remainder when 2101 is divided by 119?
78
Calculate the remainder when 1469 is divided by 357.
41
Calculate the remainder when 106347 is divided by 1053.
1047
What is the remainder when 369199 is divided by 208?
207
Calculate the remainder when 295946 is divided by 271.
14
Calculate the remainder when 10703 is divided by 120.
23
What is the remainder when 2385 is divided by 1935?
450
What is the remainder when 198087 is divided by 198063?
24
What is the remainder when 1798 is divided by 118?
28
What is the remainder when 274507 is divided by 52?
51
What is the remainder when 4386 is divided by 461?
237
What is the remainder when 109 is divided by 92?
17
What is the remainder when 10385 is divided by 1725?
35
What is the remainder when 4448 is divided by 100?
48
What is the remainder when 32922 is divided by 21?
15
What is the remainder when 45944 is divided by 99?
8
Calculate the remainder when 57209 is divided by 19066.
11
What is the remainder when 5704 is divided by 251?
182
What is the remainder when 4575 is divided by 1036?
431
What is the remainder when 64873 is divided by 8107?
17
Calculate the remainder when 14735 is divided by 7336.
63
Calculate the remainder when 6484 is divided by 2648.
1188
What is the remainder when 2031 is divided by 1425?
606
What is the remainder when 24563 is divided by 498?
161
What is the remainder when 95806 is divided by 32?
30
Calculate the remainder when 13987 is divided by 766.
199
What is the remainder when 3599 is divided by 876?
95
What is the remainder when 90902 is divided by 259?
252
What is the remainder when 34914 is divided by 19?
11
Calculate the remainder when 4245 is divided by 353.
9
What is the remainder when 3356 is divided by 124?
8
Calculate the remainder when 1736 is divided by 312.
176
What is the remainder when 161838 is divided by 126?
54
Calculate the remainder when 62109 is divided by 20538.
495
What is the remainder when 8813 is divided by 1218?
287
What is the remainder when 1361 is divided by 179?
108
What is the remainder when 4565 is divided by 441?
155
What is the remainder when 39415 is divided by 473?
156
Calculate the remainder when 2809 is divided by 2696.
113
What is the remainder when 1531695 is divided by 43?
35
Calculate the remainder when 228569 is divided by 3266.
3215
Calculate the remainder when 1427 is divided by 159.
155
Calculate the remainder when 3276 is divided by 805.
56
What is the remainder when 2281 is divided by 834?
613
Calculate the remainder when 81959 is divided by 40.
39
Calculate the remainder when 44084 is divided by 10997.
96
What is the remainder when 495 is divided by 24?
15
What is the remainder when 17084 is divided by 281?
224
Calculate the remainder when 124418 is divided by 11.
8
What is the remainder when 182171 is divided by 91?
80
Calculate the remainder when 5933 is divided by 42.
11
Calculate the remainder when 18937 is divided by 59.
57
What is the remainder when 348530 is divided by 331?
318
Calculate the remainder when 11021 is divided by 66.
65
What is the remainder when 8754 is divided by 155?
74
What is the remainder when 253511 is divided by 899?
892
Calculate the remainder when 9993 is divided by 92.
57
What is the remainder when 6473 is divided by 6452?
21
Calculate the remainder when 9307 is divided by 473.
320
Calculate the remainder when 363793 is divided by 45473.
9
What is the remainder when 745899 is divided by 19?
16
What is the remainder when 511323 is divided by 32?
27
Calculate the remainder when 375817 is divided by 190.
187
Calculate the remainder when 20498 is divided by 99.
5
What is the remainder when 138167 is divided by 235?
222
What is the remainder when 1668 is divided by 1052?
616
Calculate the remainder when 6814 is divided by 148.
6
What is the remainder when 764192 is divided by 46?
40
Calculate the remainder when 2421795 is divided by 133.
131
Calculate the remainder when 149378 is divided by 387.
383
Calculate the remainder when 5870 is divided by 1926.
92
What is the remainder when 11255 is divided by 84?
83
Calculate the remainder when 370624 is divided by 371.
366
Calculate the remainder when 4417 is divided by 1440.
97
Calculate the remainder when 12192 is divided by 57.
51
What is the remainder when 43203 is divided by 7197?
21
What is the remainder when 324958 is divided by 16?
14
What is the remainder when 6066 is divided by 113?
77
Calculate the remainder when 66907 is divided by 13.
9
Calculate the remainder when 8158 is divided by 199.
198
What is the remainder when 3594 is divided by 1781?
32
Calculate the remainder when 19987 is divided by 588.
583
What is the remainder when 11054 is divided by 5526?
2
Calculate the remainder when 185343 is divided by 18533.
13
Calculate the remainder when 4216 is divided by 62.
0
What is the remainder when 3506 is divided by 630?
356
Calculate the remainder when 2766178 is divided by 11.
8
Calculate the remainder when 86109 is divided by 790.
789
Calculate the remainder when 176230 is divided by 475.
5
What is the remainder when 2464 is divided by 728?
280
What is the remainder when 3986 is divided by 3499?
487
Calculate the remainder when 40075 is divided by 23.
9
What is the remainder when 2022 is divided by 3?
0
What is the remainder when 248508 is divided by 196?
176
What is the remainder when 204226 is divided by 36?
34
Calculate the remainder when 11423 is divided by 208.
191
Calculate the remainder when 1786 is divided by 120.
106
Calculate the remainder when 7140239 is divided by 211.
210
What is the remainder when 184 is divided by 33?
19
Calculate the remainder when 1119 is divided by 799.
320
What is the remainder when 860 is divided by 148?
120
Calculate the remainder when 1099 is divided by 545.
9
What is the remainder when 10762 is divided by 595?
52
Calculate the remainder when 502 is divided by 180.
142
Calculate the remainder when 34106 is divided by 34017.
89
What is the remainder when 953 is divided by 31?
23
What is the remainder when 52278 is divided by 3075?
3
What is the remainder when 59215 is divided by 180?
175
What is the remainder when 57529 is divided by 19152?
73
What is the remainder when 4771 is divided by 269?
198
What is the remainder when 8761 is divided by 365?
1
What is the remainder when 3416 is divided by 157?
119
What is the remainder when 701789 is divided by 964?
961
Calculate the remainder when 20701 is divided by 103.
101
Calculate the remainder when 33565 is divided by 16758.
49
What is the remainder when 7929 is divided by 173?
144
Calculate the remainder when 79855 is divided by 56.
55
What is the remainder when 10165 is divided by 41?
38
What is the remainder when 75707 is divided by 44?
27
What is the remainder when 3274 is divided by 298?
294
What is the remainder when 2194719 is divided by 1257?
1254
Calculate the remainder when 2328846 is divided by 472.
470
What is the remainder when 112055 is divided by 86?
83
What is the remainder when 1228 is divided by 156?
136
Calculate the remainder when 44502 is divided by 233.
232
What is the remainder when 3544 is divided by 879?
28
What is the remainder when 12130 is divided by 357?
349
Calculate the remainder when 343558 is divided by 57259.
4
What is the remainder when 12946 is divided by 111?
70
What is the remainder when 1643997 is divided by 411?
408
What is